{"id":276,"date":"2026-04-02T04:17:01","date_gmt":"2026-04-02T04:17:01","guid":{"rendered":"https:\/\/radiomachali.cl\/?page_id=276"},"modified":"2026-04-02T04:19:53","modified_gmt":"2026-04-02T04:19:53","slug":"sobre-nosotros","status":"publish","type":"page","link":"https:\/\/radiomachali.cl\/?page_id=276","title":{"rendered":"Sobre nosotros"},"content":{"rendered":"\n<p class=\"has-text-align-center has-x-large-font-size\"><strong>Sobre nosotros<\/strong><\/p>\n\n\n\n<p class=\"has-text-align-center\">Somos un medio de comunicaci\u00f3n digital comprometido con informar, conectar y acompa\u00f1ar a la comunidad. En Radio Machal\u00ed trabajamos d\u00eda a d\u00eda para entregar contenidos oportunos, veraces y cercanos, posicion\u00e1ndonos como un referente en informaci\u00f3n local en la Regi\u00f3n de O\u2019Higgins.<\/p>\n\n\n\n<p class=\"has-text-align-center\">Nuestra programaci\u00f3n integra noticias, actualidad, transmisiones en vivo, deportes y entretenci\u00f3n, con un enfoque moderno y multiplataforma que nos permite llegar a nuestra audiencia en todo momento y lugar.<\/p>\n\n\n\n<p class=\"has-text-align-center\">Creemos en el valor de lo local, en la importancia de dar voz a la comunidad y en el rol fundamental de los medios como agentes de informaci\u00f3n y participaci\u00f3n. Por eso, desarrollamos un trabajo \u00e1gil, confiable y en constante evoluci\u00f3n, adapt\u00e1ndonos a las nuevas tecnolog\u00edas y formas de comunicaci\u00f3n.<\/p>\n\n\n\n<p class=\"has-text-align-center\">Radio Machal\u00ed es m\u00e1s que una radio: es un espacio de encuentro, informaci\u00f3n y conexi\u00f3n con lo que realmente importa.<\/p>\n\n\n\n<p class=\"has-text-align-center\"><strong>#SomosLocales<\/strong><\/p>\n\n\n\n<div style=\"height:151px\" aria-hidden=\"true\" class=\"wp-block-spacer\"><\/div>\n\n\n\n<p><\/p>\n","protected":false},"excerpt":{"rendered":"<p>Sobre nosotros Somos un medio de comunicaci\u00f3n digital comprometido con informar, conectar y acompa\u00f1ar a la comunidad. En Radio Machal\u00ed trabajamos d\u00eda a d\u00eda para entregar contenidos oportunos, veraces y cercanos, posicion\u00e1ndonos como un referente en informaci\u00f3n local en la Regi\u00f3n de O\u2019Higgins. Nuestra programaci\u00f3n integra noticias, actualidad, transmisiones en vivo, deportes y entretenci\u00f3n, con [&hellip;]<\/p>\n","protected":false},"author":1,"featured_media":0,"parent":0,"menu_order":0,"comment_status":"closed","ping_status":"closed","template":"","meta":{"footnotes":""},"class_list":["post-276","page","type-page","status-publish","hentry"],"rttpg_featured_image_url":null,"rttpg_author":{"display_name":"admin","author_link":"https:\/\/radiomachali.cl\/?author=1"},"rttpg_comment":0,"rttpg_category":null,"rttpg_excerpt":"Sobre nosotros Somos un medio de comunicaci\u00f3n digital comprometido con informar, conectar y acompa\u00f1ar a la comunidad. En Radio Machal\u00ed trabajamos d\u00eda a d\u00eda para entregar contenidos oportunos, veraces y cercanos, posicion\u00e1ndonos como un referente en informaci\u00f3n local en la Regi\u00f3n de O\u2019Higgins. Nuestra programaci\u00f3n integra noticias, actualidad, transmisiones en vivo, deportes y entretenci\u00f3n, con&hellip;","_links":{"self":[{"href":"https:\/\/radiomachali.cl\/index.php?rest_route=\/wp\/v2\/pages\/276","targetHints":{"allow":["GET"]}}],"collection":[{"href":"https:\/\/radiomachali.cl\/index.php?rest_route=\/wp\/v2\/pages"}],"about":[{"href":"https:\/\/radiomachali.cl\/index.php?rest_route=\/wp\/v2\/types\/page"}],"author":[{"embeddable":true,"href":"https:\/\/radiomachali.cl\/index.php?rest_route=\/wp\/v2\/users\/1"}],"replies":[{"embeddable":true,"href":"https:\/\/radiomachali.cl\/index.php?rest_route=%2Fwp%2Fv2%2Fcomments&post=276"}],"version-history":[{"count":3,"href":"https:\/\/radiomachali.cl\/index.php?rest_route=\/wp\/v2\/pages\/276\/revisions"}],"predecessor-version":[{"id":280,"href":"https:\/\/radiomachali.cl\/index.php?rest_route=\/wp\/v2\/pages\/276\/revisions\/280"}],"wp:attachment":[{"href":"https:\/\/radiomachali.cl\/index.php?rest_route=%2Fwp%2Fv2%2Fmedia&parent=276"}],"curies":[{"name":"wp","href":"https:\/\/api.w.org\/{rel}","templated":true}]}}